 54*m + 4 + 15*m + 2*m. What is the units digit of h(1)?
5
Let k be (2 - -4)/((-18)/(-12)). Suppose -k*c + 3*c - 3*d = -142, -3*c = -4*d - 361. What is the units digit of c?
7
Suppose -q - 2*q + 9 = 0. Suppose -2*z + q = -7. What is the tens digit of ((-6)/z)/(6/(-105))?
2
Let s(m) be the first derivative of -23*m**5/20 + m**4/12 - m**3/6 - m**2/2 - m + 5. Let w(r) be the first derivative of s(r). What is the tens digit of w(-1)?
2
Let c(f) = 4*f**2 + 5*f - 29. Let w be c(-13). Suppose -3*b + 5*u + w = 0, 5*u - 3*u = 2*b - 384. What is the hundreds digit of b?
1
Let s(o) = -o**3 - o**2 + 2*o + 3. Let k(l) be the third derivative of l**5/60 + l**4/4 + l**3/2 + 3*l**2. Let v be k(-5). What is the units digit of s(v)?
3
Let m(p) = 83*p - 1. Let a be m(-9). What is the units digit of (-3)/2*a/33?
4
Let q(u) = 2*u - 1. Let b be q(3). Suppose 2*p = b*p - 135. What is the tens digit of p?
4
What is the thousands digit of 2/24*-4*-6873?
2
Suppose 5*a - 24 = 1. Suppose -86 = -a*b + 199. What is the tens digit of b?
5
Let k(b) = b**2 - 3*b + 2. Let x be k(6). Suppose 146 = 2*u - 3*q, q - 2*q = -2*u + 138. Suppose 3*f - 15 = l + u, -x = 5*l. What is the tens digit of f?
2
Let k(x) = -x**3 - 4*x**2 - 7*x - 7. Let z be k(-3). Suppose 0 = z*t + 87 - 617. What is the units digit of t?
6
Suppose -o - 9*h + 744 = -14*h, 4*o = 2*h + 2886. What is the hundreds digit of o?
7
Let m(t) = t. Let f be m(-7). Let h(n) = -23*n - 60. What is the tens digit of h(f)?
0
Suppose 2*p - 78 = 2*j, -j = -0*j - 3. Let m be (2*4)/((-8)/20). Let o = p + m. What is the units digit of o?
2
Suppose 74 = 2*z - 834. What is the hundreds digit of z?
4
Let o(x) = 2*x**3 + 11*x**2 - 4*x + 17. Let a be o(5). Suppose -2*p + a = -k, -1094 - 210 = -5*p + 3*k. What is the hundreds digit of p?
2
Let y = 3819 + -2680. What is the tens digit of y?
3
Suppose 5*s + 5 = 0, 2*v = 3*s + 19 - 8. Let y(p) = -1 - 2 + 2 - p + v. What is the units digit of y(-4)?
7
Let z(j) = -j**2 + 21*j - 25. Let g(y) = 2*y + 29. Let b be g(-6). What is the tens digit of z(b)?
4
Suppose 5*s - 11 = o, 11 + 3 = -2*s + 5*o. Suppose 315 = s*z - 5*m - 277, 3*m = 5*z - 976. What is the hundreds digit of z?
1
Let s be 2*223 - (5 - 7). Suppose s = 10*u - 3*u. What is the units digit of u?
4
What is the units digit of (-31011)/(-7) - ((-301)/(-49) + -6)?
0
Let m = 3617 + -2859. What is the units digit of m?
8
Suppose 0 = -4*g + v + 2745, 8*g + v = 13*g - 3431. What is the tens digit of g?
8
Let b(z) = -220*z + 7. Let t be b(-2). Suppose 3*r - 270 = t. What is the hundreds digit of r?
2
Let h = 431 - 325. What is the tens digit of h?
0
Let s be 921/12 - (-6)/(-8). What is the tens digit of (21 - 21) + (s - -1)?
7
Let n(y) = -y**2 + 10*y + 4. Let t be n(10). Suppose 6*j - 48 = t*j. What is the tens digit of j?
2
Let b(o) = o**3 + o + 2. Let p be b(0). Suppose 0 = -0*f + p*f - 6. What is the units digit of 6 + f/9*3?
7
Suppose -2*o + 119 = -f, -2*o - f = -31 - 82. Let k = o + -50. What is the units digit of k?
8
Suppose 192 = 3*k + 30*a - 26*a, 5*k + 3*a - 331 = 0. What is the tens digit of k?
6
Let y(d) = 17*d**2 - 3*d + 0*d + 10*d - 2*d + 29 - d**3. What is the units digit of y(17)?
4
What is the units digit of 34 + -38 + 538 + 0 + -7?
7
Suppose 3*q + 128 = 11*q. Suppose 24 = 5*u - q. What is the units digit of u?
8
Suppose -2*o - 5*j = -6*o + 24, 2*o - 3*j = 12. Let r(u) = 8*u + 5. What is the tens digit of r(o)?
5
Suppose 6 = -2*y, -11*h + 16*h = -2*y + 7244. What is the hundreds digit of h?
4
Let u be 7 - 5 - (-2)/(-2). Let c(w) = 3*w**2 - 1. Let t be c(u). Suppose 5*b + t*p = -0*p + 77, b - 33 = 4*p. What is the units digit of b?
7
Let m = 1633 + -621. What is the tens digit of m?
1
What is the hundreds digit of (-11)/((-3)/(-2205)*-5)?
6
Let a be -6*2/((-24)/2). Suppose 0 = -4*c - a - 131. Let k = 59 + c. What is the tens digit of k?
2
Suppose 0 = -y + 4*n + 1893, -4*y = -5*y - 4*n + 1909. What is the hundreds digit of y?
9
Let i be 18/(-1 + 4) - 3. What is the units digit of (i - 1) + 7 + -2?
7
Let z(y) = -30*y**3 - 2*y**2 - y + 1. Let u be z(-1). What is the tens digit of 117/(-2)*(-100)/u?
9
What is the units digit of (-3)/(-4)*(2218 + 8 + -6)?
5
Let l = 1262 - 859. What is the tens digit of l?
0
Let p(c) = 18*c**2 - 4*c + 32. Let j be p(11). What is the units digit of j/9 + -1 - (-4)/(-6)?
9
Let u(o) = -o**3 - 6*o**2 - 5*o - 3. What is the tens digit of u(-7)?
8
Suppose -2*y = 4*t - 4378, 12*t + 4399 = 16*t - 5*y. What is the units digit of t?
6
Let u(p) = -21*p - 2 + 2 + 171*p. Let b be u(1). Suppose -g + b = 4*y, -36 = 2*y - 2*g - 106. What is the units digit of y?
7
Let d(l) = -l**2 + 17*l - 9. What is the tens digit of d(9)?
6
Suppose -l + 546 = -3*n, 3*n + 2106 + 600 = 5*l. What is the hundreds digit of l?
5
Let g = -1053 - -1371. What is the hundreds digit of g?
3
Let s(z) = -28*z + 71. Let k be s(2). Let m be (-4)/(-6) + 220/12. Let a = m + k. What is the units digit of a?
4
Let c(h) = -h**3 - h**2 + 2*h + 3. Let u be c(-3). Suppose -1392 = 3*l - u*l. What is the tens digit of l?
1
Suppose -352 = 3*b + 2*b + 3*i, 3*i - 3 = 0. Let q = b - -102. Suppose q = 3*m - 5. What is the tens digit of m?
1
Suppose 2*k + 4*x - 9*x - 491 = 0, -5*k + 5*x + 1265 = 0. What is the units digit of k?
8
Suppose -4*s - 121 = -0*s - p, 34 = -s + 4*p. Let f be 2/(2*(-3)/s). What is the units digit of (f - 11)/((-2)/52)?
6
Suppose 472*f = 483*f - 11033. What is the units digit of f?
3
Let z = 959 - 543. What is the tens digit of z?
1
Let f(r) = 7*r. Let g be (-6)/33 + (-144)/(-66). Suppose g*c - 9 = -c. What is the units digit of f(c)?
1
Let s(u) = -547*u**3 - u**2 + 2*u + 3. What is the units digit of s(-1)?
7
Let s = -7 + 184. What is the units digit of s?
7
Let q = -22 + 9. Suppose -14*g - 12 = -10*g. Let k = g - q. What is the units digit of k?
0
Let y = 27 + -34. Let l = 9 + y. Suppose -l*d = 4, -d + 6*d - 64 = -2*n. What is the units digit of n?
7
Suppose -37743 = -36*i - 7107. What is the hundreds digit of i?
8
Let o be (1/2 + (-49)/(-2))*1. Suppose 0*d = -2*d + w + 53, d - 2*w = o. What is the units digit of d?
7
What is the units digit of 774/24*(-8)/18*-3?
3
Let k(z) = z**3 + 8*z**2 + 6*z - 8. Let g be k(-7). Let u = 6 + g. What is the units digit of 73/u + (-28)/(-70)?
5
Let q(z) = 5*z + 5. Let r be q(5). What is the units digit of 45/r*(-160)/(-3)?
0
Suppose v - 4 = -4*j + 5, 5 = v + 2*j. Suppose 4*f - 4*m - 4 = 0, -2*f - f + v = -m. Suppose z - 6 - 7 = f. What is the units digit of z?
3
What is the hundreds digit of (19/4 - 5) + (-1162)/(-8)?
1
Suppose 4*q = -i - 2 + 11, -2*i = 6. Suppose -2*r + n = r + 176, 0 = -2*r - q*n - 99. Let v = r + 88. What is the tens digit of v?
3
Let g(r) = 2*r + 17. Let j(k) = -16*k - 2. Let w be j(-2). Suppose -2*b - 3*y = b - w, -3*y + 23 = 2*b. What is the tens digit of g(b)?
3
Let w(c) = 95*c - 660. What is the units digit of w(49)?
5
Let w(d) = -d - 33. Let j be w(0). What is the units digit of (-2 - j)*(3 - (-3 + 1))?
5
Suppose 0 = 3*r - 3*w - 12, -r = 2*r - 4*w - 14. Suppose -r*z = -5*z + 2*i + 73, 0 = -3*z - 4*i + 79. Suppose 8*y - 3*y = z. What is the units digit of y?
5
Let j = -167 - -403. What is the units digit of j?
6
Let z(u) = -16*u - 168. What is the hundreds digit of z(-18)?
1
Suppose -16*n + 2*n + 18242 = 0. What is the hundreds digit of n?
3
Let k = 0 - -6. Suppose 0 = -k*y + 7*y - 55. What is the units digit of y?
5
Suppose 3*q = u - 0*u + 436, 4*q - 2*u = 582. What is the units digit of q?
5
Let s be (52/(-20))/((-1)/(-5)). What is the units digit of (-3662)/(-26) - 2/s?
1
Let k(m) = m**3 - m**2 - 8*m - 1. Let y be k(4). Suppose -y = -3*z - 0. Suppose -s + 2 = 0, o + z*s - 44 = -0*o. What is the tens digit of o?
3
Suppose -4*h = -58 + 42. Suppose 3*p - 17 = -5, -2*q + h*p = -130. What is the tens digit of q?
7
Suppose -48 = -2*x + 670. Let c = x + -188. What is the tens digit of c?
7
Let i(j) be the first derivative of 30*j + 4 - 1/2*j**2. What is the tens digit of i(0)?
3
Suppose -57851 - 63065 = -19*p. What is the tens digit of p?
6
Let q = 232 + 1191. What is the hundreds digit of q?
4
Let k = -15 + 9. Let g(y) = y**3 + 8*y**2 + 3*y - 6. Let v be g(k). Suppose 141 = 7*u - 3*u - r, -u - 4*r = -v. What is the units digit of u?
6
Let g = 1372 - 954. What is the hundreds 